me?
False
Suppose 0 = 30*l - 27*l - 27651. Let g = l - 804. Is g prime?
False
Let v = 154 + -160. Is (2/v)/(((-28)/79653)/4) a composite number?
False
Let c = 1036519 - 481992. Is c a prime number?
True
Suppose -3*i + z + 98248 = 0, -2*i + 5*z + 71223 - 5720 = 0. Is i a prime number?
True
Let o be (3 + 7/(-14))*2*-677. Let y = o - -17756. Is y composite?
True
Let d(b) = 41*b**3 - 7*b**2 - 185*b + 152. Is d(29) a composite number?
False
Suppose 25*p - 106*p = -167103. Is p composite?
False
Let a(l) be the first derivative of 1/2*l**2 - 1261/4*l**4 - 1/3*l**3 - 26 + 0*l. Is a(-1) prime?
True
Is 20 + (-1104)/56 + 1 + 3340564/14 a composite number?
True
Let o(t) = -19551*t - 95. Let k(h) = 416*h + 2. Let s(c) = 95*k(c) + 2*o(c). Let l be s(2). Suppose l = -p + 5*p. Is p prime?
False
Let g = 304108 - 188691. Is g a prime number?
False
Let s(x) = 220 - 9349*x**3 - 231 + 2*x**2 + 33*x - 42*x. Is s(-1) prime?
True
Let j(m) = 43*m - 6*m**3 - 43*m - 1. Let d be j(-1). Suppose -5*u + 5550 = 5*q, 2*q - 7*q = -d*u + 5600. Is u prime?
False
Let o = -108180 + 55898. Is o/3*(-3)/(-6)*-3 prime?
True
Let k be (132/(-15) + 9)*0. Let u(w) = -w**3 - 3*w**2 - 2*w. Let h be u(-2). Suppose h = -3*a - z + 1625, 0 = 2*a + 4*z - k*z - 1080. Is a prime?
False
Suppose -8*n + 3973600 = -364776. Is n a composite number?
True
Suppose -2*j = 0, j + 25 = 5*f - 3*j. Is 17898 - (f + -12)/(-7) prime?
False
Let n = 81 + -79. Suppose -7*k = -n*k + 3*r - 20, -2*k - 3*r + 8 = 0. Suppose -k*h + 211 = -649. Is h prime?
False
Let s = 307 + -295. Is (4/s*1)/((-2)/(-31182)) composite?
False
Let j be 4 + 4*3/(-6). Suppose -3*g + 219 = j*d + d, -393 = -5*g + 2*d. Suppose -f + g = -5*v - 326, -1985 = -5*f - 5*v. Is f a composite number?
True
Let d(l) = 1672*l**3 - l**2. Let g be d(1). Suppose 33*h + g = 36*h. Is h a prime number?
True
Let z(d) = -1226*d**2 - 4*d - 9. Let u(o) = -1227*o**2 - 4*o - 11. Let s(c) = -6*u(c) + 5*z(c). Is s(-4) a composite number?
False
Let x = -49 + 52. Suppose -3*i - 2068 = -h, -x*h + 8272 = h - 4*i. Is 0 - 1*h/(-4) a composite number?
True
Is 32199 + (-22)/(-6) + 20/60 composite?
False
Let x(v) = v**2 - 12*v + 30. Suppose 2*s + 0*s - 18 = 0. Let f be x(s). Suppose -16 = -3*o - o, -w - f*o = -341. Is w a prime number?
False
Let f be ((434/(-6))/7)/(2/30). Let j = -83 - f. Let h = j - -119. Is h a prime number?
True
Let x(o) = -o**3 - o - 1. Let q(u) = -8*u**2 + 4*u - 48. Let z(d) = q(d) - 5*x(d). Is z(7) a prime number?
False
Let y = 4200854 - -4171755. Is y a prime number?
False
Suppose 5*j + h - 398220 = -38142, -2*h + 360071 = 5*j. Is j a composite number?
True
Suppose v = -3*s + 15410, 4*s - 24652 + 4117 = v. Suppose 3*z - 8547 = -5*q + 2*z, -4*z = 3*q - s. Is q a prime number?
True
Let u(j) = -226*j - 3. Let y = -53 - -60. Suppose y*n - n = -6. Is u(n) composite?
False
Let l = -312 + 315. Let h(z) = 114*z**3 + z**2 - 4*z - 13. Is h(l) a composite number?
True
Let g = 634446 - 368815. Is g prime?
False
Suppose -8*n + 1455 = -23*n. Let x = n + 638. Is x prime?
True
Suppose -5*k + 2*a = -8, -k + 5*a + 24 = 4. Suppose -w + 4*l + l + 4568 = k, 3*w + l = 13752. Is w composite?
False
Let s be (0 - 4/4)/(5/(-72595)). Let j = s + -9918. Is j composite?
True
Suppose 3*v + 0 = 6. Let u be (-33)/(v/(-8) - 203/(-700)). Is (2/3)/(4 - (-3290)/u) prime?
False
Suppose 5*l - 542 = -7*k + 4*k, k = 3*l - 314. Suppose l*t - 108*t + 15802 = 0. Is t prime?
True
Let x = 6414 + 20204. Is x a prime number?
False
Is 1*344393*(-365)/(-511) a prime number?
False
Let r = 22 + -32. Let o be (-22014)/(-45) + 2/r. Is ((-4)/(-2))/(6/o) prime?
True
Let u = 365909 + 102018. Is u a prime number?
True
Suppose -5*a = 0, 0*k - 4*a = k - 14. Suppose 4*x - 3*x - y + 4 = 0, -5*y + k = -3*x. Is 361 + (-1)/x*(-3 - 3) a prime number?
True
Let j(b) = 9329*b - 5. Let k be j(8). Suppose 9*z - 2*z = k. Is z a composite number?
True
Suppose 0 = -3*a - 9, -15*x + 495 = -11*x - 5*a. Suppose 9119 = p + x. Is p a composite number?
False
Let t = -19606 + 53279. Is t prime?
False
Suppose -415961 = 56*b - 5966293 - 5766540. Is b composite?
False
Let s(n) = n**3 - 9*n**2 + 62*n - 19. Let d be s(8). Suppose -4*w - 6 = -26. Suppose -2*l + d = w*l. Is l prime?
True
Let j(x) = 34683*x + 5303. Is j(8) prime?
True
Let d be (-235)/(-141) + 146873/(-3). Is (-39)/(-26) - d/8 a prime number?
True
Let l = 18063 - 4094. Is l a prime number?
False
Suppose -2*b - 476 + 4640 = 0. Let v = b + -931. Is v composite?
False
Let t = 56870 - 25884. Is t prime?
False
Let n = 1353 - -810. Let i be (-8 - -2)/3*671. Let t = n + i. Is t prime?
True
Suppose -2*s - 3*o + 10826 + 1403 = 0, 6*s - 36679 = -o. Is s composite?
False
Let o be 0 - 2 - 4/((-8)/6). Let j be (1099/49 - o)/(1/301). Let q = j - 4501. Is q a composite number?
False
Suppose -46*l + 402785 + 745820 = -29*l. Is l prime?
False
Let g(w) = 4*w**2 - 22*w + 31. Suppose 5*u - 27 = -5*r + 78, u = 1. Is g(r) a composite number?
True
Let g(a) = -8*a**3 - 5*a**2 - 10*a - 8. Let m(z) = 8*z**3 + 6*z**2 + 11*z + 9. Let x(b) = 4*g(b) + 3*m(b). Suppose 4 = u + 10. Is x(u) a composite number?
False
Let r(y) = -44*y**3 + 217*y**2 - 7*y + 5. Is r(-9) composite?
True
Let b = -87002 + 157333. Is b a prime number?
False
Is 324743/(((-42)/(-7) - 17) + 12) a composite number?
False
Let t = 550751 - 305412. Is t a composite number?
False
Suppose -8*p + 158 = 46. Suppose 9 = p*w - 19. Suppose 1618 = w*h - 1570. Is h a composite number?
True
Suppose -2*q + 99 = -2549. Suppose 251*u = 257*u + 5466. Let b = q + u. Is b a prime number?
False
Suppose c - 224 + 0 = 0. Let n = c - -97. Is n a composite number?
True
Suppose -q + 5*h = -14 + 2, 0 = 4*h + 12. Let t be (2/q)/((-21)/252). Suppose -3*k + t*k - 1985 = 0. Is k composite?
False
Suppose -f = -4*h + 15 + 2, 0 = 4*h - 5*f - 21. Suppose -7*a + 3*a = h*r - 12, r - 4 = -2*a. Suppose -5*z + r*z = -1671. Is z a composite number?
False
Let w(n) be the third derivative of -233*n**4/24 + 2*n**3 - 9*n**2. Let a(j) = 700*j - 35. Let g(i) = -4*a(i) - 11*w(i). Is g(-3) a prime number?
True
Suppose 4*c = 3*v + 2390527, 0 = 32*v - 31*v - 7. Is c a composite number?
False
Let k = 542007 - 359956. Is k prime?
False
Suppose 97*t = 117*t - 1971178 - 6845802. Is t composite?
False
Is 134646/(-36)*6*-1 composite?
False
Let j(k) = 44*k**2 - 1 + 132*k - 70*k - 29*k. Is j(-6) composite?
True
Let v(r) = 191*r - 9. Let k(b) = b**3 - 3*b**2 - 10*b + 4. Let u be k(5). Let f be v(u). Suppose -3*q = j - f, -9*j = -5*j - 3*q - 3080. Is j prime?
False
Let o(c) = -29*c**3 - 2*c**2 + 10*c - 13. Let s(r) = -58*r**3 - 3*r**2 + 19*r - 27. Let k(l) = 7*o(l) - 4*s(l). Is k(6) prime?
True
Suppose 5*l + n = -2635 + 28009, 2*l + 5*n - 10168 = 0. Suppose 0 = -37*u + 39*u - l. Is u a composite number?
True
Suppose 4097*j + 8166116 = 4101*j. Is j composite?
True
Let s(v) be the first derivative of 11*v**2/2 - 15*v + 15. Let h be s(9). Let u = 375 - h. Is u composite?
True
Suppose 2350 + 856 = -7*j. Let b = -102 + j. Is b/(-8) + 0 + -3 a prime number?
True
Let b = -328 + 342. Suppose -9*z = -b*z + 32510. Is z a composite number?
True
Suppose 234279 = 19*x + 3277. Let q = 719 + x. Is q prime?
False
Let y be (7 - 10)/(6/(-2) - -2). Suppose 3*j + 2*a - 4315 = 0, -a = -y*j - 0*j + 4318. Is j composite?
False
Let j(g) = g - g**3 + 14*g**2 + 16*g - 31*g + 20. Let d be j(13). Suppose d*v - 3*v - 947 = -5*r, 5*v = 3*r - 583. Is r a prime number?
True
Let f(b) = 346*b + 7. Let s be f(-13). Let x = s + 6896. Suppose 25 = -2*t - 3*t, 0 = -5*v + 2*t + x. Is v a prime number?
True
Suppose 4*s = -2*v + 1700266, 20*v = 21*v - 4*s - 850097. Is v a composite number?
False
Suppose -2*g - z + 9 = 4, -3*g = -3*z - 12. Suppose 0 = -4*b + j + 1727, -2*b - g*j + 856 = -j. Is b composite?
False
Let b be (-14572601)/(-970) + (-6)/20. Suppose 0 = 3*y + b - 50354. Is y prime?
True
Let g(i) be the third derivative of 0 + 0*i + 13/2*i**3 + 287/24*i**4 - 24*i**2. Is g(20) a composite number?
False
Let h(r) = -2*r**2 - 28*r - 209. Let l be h(-14). Is (l/22)/((2 + -1)/(-758)) a prime number?
False
Is 24 - (-1746394)/39 - (-7)/(-3) a prime number?
False
Suppose -12*r = -21*r + 7362. Let g = r + -18. Is 3 + g/4 + 2 prime?
False
Suppose -26*m + 2363378 + 3116460 = 0. Is m a composite number?
True
Let f(q) = -22137*q + 14695. I